?
2
What is the hundreds digit of 930219450?
4
What is the hundred millions digit of 3497841934?
4
What is the hundreds digit of 79828062?
0
What is the ten millions digit of 198801441?
9
What is the ten millions digit of 1569906097?
6
What is the hundreds digit of 99017231?
2
What is the hundreds digit of 72047189?
1
What is the units digit of 49067431?
1
What is the millions digit of 29468795?
9
What is the ten millions digit of 76689231?
7
What is the units digit of 5822803?
3
What is the units digit of 64327697?
7
What is the thousands digit of 59772030?
2
What is the millions digit of 12004027?
2
What is the hundred thousands digit of 1415172189?
1
What is the hundreds digit of 53785196?
1
What is the thousands digit of 164145803?
5
What is the tens digit of 727842420?
2
What is the ten millions digit of 45080971?
4
What is the hundred millions digit of 365579791?
3
What is the hundreds digit of 10452327?
3
What is the ten millions digit of 66662790?
6
What is the ten millions digit of 19934086?
1
What is the hundreds digit of 33512939?
9
What is the hundred millions digit of 101314630?
1
What is the ten thousands digit of 41778358?
7
What is the hundreds digit of 45867643?
6
What is the units digit of 1475520176?
6
What is the hundred millions digit of 172515226?
1
What is the hundred thousands digit of 20809619?
8
What is the ten thousands digit of 139558742?
5
What is the thousands digit of 189981797?
1
What is the ten thousands digit of 300122148?
2
What is the hundred thousands digit of 822834373?
8
What is the thousands digit of 817886932?
6
What is the ten thousands digit of 35444673?
4
What is the thousands digit of 743029825?
9
What is the hundred millions digit of 1840464213?
8
What is the ten thousands digit of 127908481?
0
What is the ten thousands digit of 91102051?
0
What is the millions digit of 1858773880?
8
What is the hundred thousands digit of 126997872?
9
What is the ten millions digit of 246036201?
4
What is the millions digit of 2311104?
2
What is the ten thousands digit of 687029526?
2
What is the ten millions digit of 266607517?
6
What is the millions digit of 55537166?
5
What is the ten millions digit of 2794440684?
9
What is the units digit of 2916180024?
4
What is the units digit of 13793479?
9
What is the units digit of 47682648?
8
What is the hundred millions digit of 1108295475?
1
What is the hundred millions digit of 264432558?
2
What is the tens digit of 966128769?
6
What is the units digit of 582184635?
5
What is the tens digit of 133043787?
8
What is the hundred thousands digit of 2302410338?
4
What is the thousands digit of 283539040?
9
What is the billions digit of 1104939062?
1
What is the thousands digit of 242694586?
4
What is the thousands digit of 1507277125?
7
What is the tens digit of 109105318?
1
What is the hundred millions digit of 181046575?
1
What is the tens digit of 2472259404?
0
What is the thousands digit of 117371331?
1
What is the hundred thousands digit of 127976572?
9
What is the hundred thousands digit of 72119276?
1
What is the hundreds digit of 16444154?
1
What is the thousands digit of 37350756?
0
What is the hundreds digit of 731855657?
6
What is the hundred millions digit of 1553962747?
5
What is the units digit of 6476920313?
3
What is the ten millions digit of 433785095?
3
What is the hundred millions digit of 841430421?
8
What is the units digit of 193578925?
5
What is the hundreds digit of 29371150?
1
What is the tens digit of 446679941?
4
What is the millions digit of 117850153?
7
What is the hundred millions digit of 404837960?
4
What is the thousands digit of 94011177?
1
What is the units digit of 944657698?
8
What is the hundreds digit of 3407072298?
2
What is the units digit of 401931890?
0
What is the ten thousands digit of 107628671?
2
What is the thousands digit of 36724794?
4
What is the hundreds digit of 456273190?
1
What is the units digit of 28397840?
0
What is the millions digit of 485375262?
5
What is the units digit of 4651675366?
6
What is the ten thousands digit of 128919375?
1
What is the millions digit of 476860427?
6
What is the hundreds digit of 404268852?
8
What is the units digit of 164935684?
4
What is the hundred millions digit of 414614077?
4
What is the hundred thousands digit of 306075085?
0
What is the thousands digit of 802179?
2
What is the hundred millions digit of 169451370?
1
What is the hundred thousands digit of 97863193?
8
What is the units digit of 601777909?
9
What is the billions digit of 1691055258?
1
What is the millions digit of 73720244?
3
What is the ten millions digit of 119510110?
1
What is the millions digit of 62095009?
2
What is the millions digit of 389572759?
9
What is the hundreds digit of 2802198?
1
What is the hundred millions digit of 3067278215?
0
What is the hundreds digit of 3037167?
1
What is the hundreds digit of 161278254?
2
What is the thousands digit of 5825100816?
0
What is the ten millions digit of 6047611573?
4
What is the units digit of 3564698684?
4
What is the millions digit of 862506207?
2
What is the units digit of 751008316?
6
What is the hundred millions digit of 1718459499?
7
What is the thousands digit of 98219182?
9
What is the ten thousands digit of 228872606?
7
What is the units digit of 322552615?
5
What is the billions digit of 2925822361?
2
What is the hundred thousands digit of 905980769?
9
What is the millions digit of 105586307?
5
What is the tens digit of 75081511?
1
What is the thousands digit of 2387256933?
6
What is the ten millions digit of 78205337?
7
What is the hundreds digit of 41210754?
7
What is the ten thousands digit of 29724290?
2
What is the thousands digit of 7407952?
7
What is the hundred thousands digit of 1031389425?
3
What is the hundred millions digit of 314087826?
3
What is the tens digit of 213349940?
4
What is the ten millions digit of 144395945?
4
What is the thousands digit of 88183138?
3
What is the ten millions digit of 725339914?
2
What is the hundred thousands digit of 596605831?
6
What is the thousands digit of 27283775?
3
What is the tens digit of 13474752?
5
What is the tens digit of 2340036056?
5
What is the ten thousands digit of 223089361?
8
What is the units digit of 1629650127?
7
What is the thousands digit of 112315964?
5
What is the hundreds digit of 1996967585?
5
What is the thousands digit of 3664303856?
3
What is the hundreds digit of 1107235041?
0
What is the thousands digit of 11841562?
1
What is the hundred millions digit of 192992427?
1
What is the units digit of 90627512?
2
What is the hundred millions digit of 5399712239?
3
What is the hundred millions digit of 991631836?
9
What is the hundred millions digit of 205347075?
2
What is the hundred millions digit of 7951869249?
9
What is the hundred thousands digit of 150168755?
1
What is the thousands digit of 91738313?
8
What is the units digit of 50033784?
4
What is the thousands digit of 85098727?
8
What is the ten millions digit of 443700706?
4
What is the hundreds digit of 36630777?
7
What is the millions digit of 952434950?
2
What is the millions digit of 46832938?
6
What is the tens digit of 806897907?
0
What is the tens digit of 1754346545?
4
What is the ten thousands digit of 34427420?
2
What is the tens digit of 11884918?
1
What is the hundred thousands digit of 22010228?
0
What is the tens digit of 323245730?
3
What is the units digit of 723963407?
7
What is the ten thousands digit of 21241586?
4
What is the thousands digit of 30883357?
3
What is the ten thousands digit of 495004678?
0
What is the hundreds digit of 358648081?
0
What is the ten thousands digit of 2715989992?
8
What is the hundreds digit of 36249377?
3
What is the hundreds digit of 2677499?
4
What is the hundreds digit of 183895564?
5
What is the ten thousands digit of 15887173?
8
What is the ten thousands digit of 1504956234?
5
What is the tens digit of 364884552?
5
What is the hundred thousands digit of 662680475?
6
What is the thousands digit of 316136367?
6
What is the units digit of 6715128185?
5
What is the hundred thousands digit of 53079232?
0
What is the hundred millions digit of 1073015086?
0
What is the hundred millions digit of 247621831?
2
What is the ten thousands digit of 7886056229?
5
What is the hun